{"id":309,"date":"2019-05-25T09:14:11","date_gmt":"2019-05-25T07:14:11","guid":{"rendered":"http:\/\/traffics-office.de\/?page_id=309"},"modified":"2019-05-25T09:16:52","modified_gmt":"2019-05-25T07:16:52","slug":"ueber-uns","status":"publish","type":"page","link":"http:\/\/traffics-office.de\/index.php\/ueber-uns\/","title":{"rendered":"\u00dcBER UNS"},"content":{"rendered":"<p>[et_pb_section fb_built=&#8220;1&#8243; admin_label=&#8220;section&#8220; _builder_version=&#8220;3.0.47&#8243;][et_pb_row admin_label=&#8220;row&#8220; _builder_version=&#8220;3.0.48&#8243; background_size=&#8220;initial&#8220; background_position=&#8220;top_left&#8220; background_repeat=&#8220;repeat&#8220;][et_pb_column type=&#8220;4_4&#8243; _builder_version=&#8220;3.0.47&#8243;][et_pb_image src=&#8220;http:\/\/traffics-office.de\/wp-content\/uploads\/2019\/05\/Header_Start.png&#8220; _builder_version=&#8220;3.20.2&#8243;][\/et_pb_image][et_pb_text _builder_version=&#8220;3.20.2&#8243;]<\/p>\n<h1><span style=\"color: #31446c;\">\u00dcber Uns<\/span><\/h1>\n<p>[\/et_pb_text][et_pb_text _builder_version=&#8220;3.20.2&#8243;]<\/p>\n<p>Die Fa. Traffics Office wurde im Januar 2005 gegr\u00fcndet.<br \/>Urspr\u00fcnglich wurde dieses Programm als Software bei einem Reiseveranstalter und Vermittler entwickelt.<br \/>Schnell stellte sich heraus das das Leistungsspektrum der Software so umfangreich geworden war, dass diese auch f\u00fcr andere Reiseb\u00fcros bzw. Reiseveranstalter nutzbar war.<br \/>So wurde die Software \u00fcber die neu gegr\u00fcndete Fa. Traffics Office dem Markt zug\u00e4nglich gemacht.<br \/>Durch die Intensive Zusammenarbeit mit der Fa. Traffics Softwaresysteme in Berlin wurden schnell neue Lizenznehmer in den Bereichen Reiseb\u00fcros und Reiseveranstalter als Kunden gewonnen.<br \/>Mittlerweise zeichnet sich die Software durch seine Flexibilit\u00e4t und optimalen Preis Leistungsverh\u00e4ltnis aus.<\/p>\n<p>[\/et_pb_text][\/et_pb_column][\/et_pb_row][\/et_pb_section]<\/p>\n","protected":false},"excerpt":{"rendered":"<p>[et_pb_section fb_built=&#8220;1&#8243; admin_label=&#8220;section&#8220; _builder_version=&#8220;3.0.47&#8243;][et_pb_row admin_label=&#8220;row&#8220; _builder_version=&#8220;3.0.48&#8243; background_size=&#8220;initial&#8220; background_position=&#8220;top_left&#8220; background_repeat=&#8220;repeat&#8220;][et_pb_column type=&#8220;4_4&#8243; _builder_version=&#8220;3.0.47&#8243;][et_pb_image src=&#8220;http:\/\/traffics-office.de\/wp-content\/uploads\/2019\/05\/Header_Start.png&#8220; _builder_version=&#8220;3.20.2&#8243;][\/et_pb_image][et_pb_text _builder_version=&#8220;3.20.2&#8243;] \u00dcber Uns [\/et_pb_text][et_pb_text _builder_version=&#8220;3.20.2&#8243;] Die Fa. Traffics Office wurde im Januar 2005 gegr\u00fcndet.Urspr\u00fcnglich wurde dieses Programm als Software bei einem Reiseveranstalter und Vermittler entwickelt.Schnell stellte sich heraus das das Leistungsspektrum der Software so umfangreich geworden war, dass diese auch f\u00fcr andere [&hellip;]<\/p>\n","protected":false},"author":1,"featured_media":0,"parent":0,"menu_order":0,"comment_status":"closed","ping_status":"closed","template":"","meta":{"_et_pb_use_builder":"on","_et_pb_old_content":"","_et_gb_content_width":""},"_links":{"self":[{"href":"http:\/\/traffics-office.de\/index.php\/wp-json\/wp\/v2\/pages\/309"}],"collection":[{"href":"http:\/\/traffics-office.de\/index.php\/wp-json\/wp\/v2\/pages"}],"about":[{"href":"http:\/\/traffics-office.de\/index.php\/wp-json\/wp\/v2\/types\/page"}],"author":[{"embeddable":true,"href":"http:\/\/traffics-office.de\/index.php\/wp-json\/wp\/v2\/users\/1"}],"replies":[{"embeddable":true,"href":"http:\/\/traffics-office.de\/index.php\/wp-json\/wp\/v2\/comments?post=309"}],"version-history":[{"count":3,"href":"http:\/\/traffics-office.de\/index.php\/wp-json\/wp\/v2\/pages\/309\/revisions"}],"predecessor-version":[{"id":315,"href":"http:\/\/traffics-office.de\/index.php\/wp-json\/wp\/v2\/pages\/309\/revisions\/315"}],"wp:attachment":[{"href":"http:\/\/traffics-office.de\/index.php\/wp-json\/wp\/v2\/media?parent=309"}],"curies":[{"name":"wp","href":"https:\/\/api.w.org\/{rel}","templated":true}]}}